2 = 4*t + 22*n, 0 = n. What is the units digit of t?
8
Let g(x) = 290*x**2 + 86*x + 793. What is the tens digit of g(-9)?
0
Let o(v) = -8*v**3 + v**2 - 4*v - 2. Let z be o(3). Let t = 243 + z. What is the units digit of t?
2
Let u(q) = -2*q**3 + q**2 - 20 + 5*q**3 + 5 + 0*q**2 + 10*q - 3*q**2. What is the tens digit of u(3)?
7
Let d be (-11)/((-8)/(-18)*6/112). Let o = 678 + d. What is the units digit of o?
6
Let f(u) be the second derivative of 0*u**3 - 1/20*u**5 + 19/2*u**2 - 11/12*u**4 + 21*u + 0. What is the units digit of f(-11)?
9
Suppose 0*d - 50 = d. Let n = d + 56. What is the tens digit of (-3)/(-3) - n - -219?
1
What is the thousands digit of 13/65*45 + 3400?
3
Let y(h) = -168*h + 39. Let q(a) = 85*a - 19. Let n(l) = -7*q(l) - 3*y(l). What is the hundreds digit of n(-6)?
5
Suppose 0*h + 2*h - 2 = 0. Let w be -1 + 3 + h + 1. What is the tens digit of (-2586)/(-18) - w/6?
4
Let i = 32 - 30. Suppose 10*d - i*d - 16 = 0. Suppose 532 = 2*x + d*x. What is the tens digit of x?
3
Suppose -12 = 3*f, -13*d = -10*d + f - 11. Suppose d*y - 883 = -l - 361, l - 522 = -2*y. What is the hundreds digit of l?
5
Suppose 0 = -c - 10 + 22. Suppose -16*f = -c*f - 8232. What is the thousands digit of f?
2
Suppose -2*t + 283 = -281. Let x = 347 + t. Suppose -43 = -8*l + x. What is the units digit of l?
4
Suppose -2*z + 1 = -4*b - 3, -z - 4 = -4*b. Let l be -7*((-316)/14 - z/(-2)). Let o = l - 86. What is the tens digit of o?
4
Let f(s) be the third derivative of s**4/24 + s**3/3 + 3*s**2. Let i be f(0). Suppose 4*r - 90 = i*r. What is the units digit of r?
5
Suppose -11304 = -3*v - 3*p, -15066 = 29*v - 33*v - 2*p. What is the thousands digit of v?
3
Suppose 46*b - 63*b + 246738 = 0. What is the ten thousands digit of b?
1
Let d be 0/(5 + (-4 - 0)). Suppose 0 = -3*t + 4*j + 2798, d = -2*t + 3*j - 0*j + 1865. What is the units digit of t?
4
Let a(m) = m**3 + 19*m**2 + 9*m - 12. Let c be a(-16). Suppose -5*h + c = -4*h. What is the units digit of h?
2
Let r = -64783 + 117647. What is the units digit of r?
4
Let r(x) = -31*x**2 + 211*x + 3. Let n be r(-6). Let m = n - -4286. What is the thousands digit of m?
1
Let p(r) = r**3 + 2*r**2 - 4*r + 1. Let x be p(-5). Let i be 21/((-3)/(-18) + 0). Let y = i - x. What is the hundreds digit of y?
1
Let a(u) = 5*u**3 - 20*u**2 + 2*u - 6. Let p be a(4). Suppose p*o + 4*r = 197 + 37, 5*r + 307 = 3*o. What is the tens digit of o?
0
Let l(p) = 3*p**3 - 2*p**2 - 7*p - 3. Let c be l(6). Suppose 15*h - c = 6*h. Let b = 26 + h. What is the units digit of b?
5
Suppose 2*u - 2*o = -174, 34*u - 236 = 37*u + 2*o. Suppose j - 167 = 6*h - 2*h, -2*j + 334 = 5*h. Let f = u + j. What is the units digit of f?
5
Let p = -1835 - -3103. Let z = -755 + p. What is the tens digit of z?
1
Let b = 17820 + -12237. What is the thousands digit of b?
5
Let x = 1 - -5. Let k(l) = -38*l**3 - 4*l**2 - 3*l - 3. Let u be k(-2). Suppose -2*s + 4*t = -x*s + 240, u = 5*s + 2*t. What is the units digit of s?
7
Let l be (-10 - -4) + 13 + -5. Suppose 2*u = -j + 676, -6*j = -l*u - 3*j + 676. What is the hundreds digit of u?
3
Suppose -9683 = -8*w + 21957. What is the units digit of w?
5
Suppose 5*s + 3*y - 165 = 0, -s = 3*y - 47 + 14. What is the hundreds digit of s*(-395)/(-15) - 1?
8
What is the ten thousands digit of 5/(-10)*0/(-7) - (-217062)/3?
7
Let n(h) = -2*h + 22. Let d be n(10). Suppose -d*f + 0*z = -3*z - 959, -3*z = 3*f - 1461. What is the hundreds digit of f?
4
Let d be (0 - 1 - -1)/1. Let v(x) be the second derivative of -2*x**3/3 + 19*x**2 + 22*x. What is the tens digit of v(d)?
3
Let v be (6/8)/((-7 + 3)/(-16)). Suppose -4*x = 2*g - 288, -v*x - 64 = -g + 65. What is the hundreds digit of g?
1
Let a be -7 - -11 - 1/(2 + -1). What is the units digit of a/(-2) - -17*102/12?
3
Let x = -7648 - -3475. Let f be (10/(-8))/(-4 - x/1044). Suppose -5*z = 3*k - f, 0*z = -2*z - 6. What is the hundreds digit of k?
1
Suppose -13*f + 11*f + 2420 = 0. Suppose -y = c - 406, y - 4*y + c = -f. What is the units digit of y?
4
What is the units digit of ((-10)/4)/((-28)/77056)?
0
Suppose -85696 = 28*p - 2*p. What is the units digit of 12/(-20) + 0 - p/10?
9
Suppose -471813 = -202*l + 1950571. What is the ten thousands digit of l?
1
Suppose 0 = 16*g - 5447 - 1113. Let i = g - 231. What is the tens digit of i?
7
Suppose -r + 1951 = -4*k, 3917 = 2*r - 3*k - 2*k. What is the hundreds digit of r?
9
Suppose -513*n + 14386881 = -12054165. What is the thousands digit of n?
1
Let z(r) = -r**3 + 11*r**2 - 8*r - 11. Suppose -9*s + 107 = 17. Let c be z(s). Suppose -3*j = c, -2*i = -i + 3*j - 38. What is the units digit of i?
7
Let c(k) = -50 + 112*k**2 - 217*k**2 + 107*k**2 - 14*k. What is the units digit of c(-13)?
0
Suppose 0 = n - 3, 6*m - 26 = 4*m - 2*n. Suppose 0 = -3*c - 11 - m. Let a(u) = -7*u + 3. What is the units digit of a(c)?
2
Suppose 4*i - 124 = 4*c, -2*c + 3*c = 4*i - 121. Let j be 2*(-26)/16*(-12)/3. Let g = i + j. What is the tens digit of g?
4
Let r = -95394 + 180163. What is the thousands digit of r?
4
Suppose -28*g + 33*g - 10 = 0. Suppose -g*c = 21 - 183. What is the units digit of c?
1
Let p = 56 - 54. Suppose p*u - 2 = 8. Suppose -2*a + 201 = u. What is the units digit of a?
8
What is the thousands digit of 24/30*(-1147125)/(-210)?
4
Suppose -4*i - u = -4471, 0 = -5*i - 4*u + 5*u + 5591. What is the tens digit of i?
1
Let s(m) = -m + 29. Let i be s(20). Suppose -11970 = -i*z - 10*z. What is the tens digit of z?
3
What is the thousands digit of 153996/64 + (-3)/16?
2
Let h = -12508 + 32114. What is the units digit of h?
6
Suppose -11*k = -382 - 322. What is the tens digit of (-1)/(-4) - (-52464)/k?
2
Let z(g) = 2*g**3 - 16*g**2 - 12*g - 7. Suppose -2*v + 25 = -u, 3*v + v + u - 35 = 0. What is the tens digit of z(v)?
7
Suppose 1199 = -11*h + 407. Let b = h - -334. What is the units digit of b?
2
Let x = 26 - 23. Suppose -x*o + c + 163 + 101 = 0, 5*o + c = 448. Let y = o - 45. What is the units digit of y?
4
Let c = 4075 + 1785. What is the hundreds digit of c?
8
Suppose 278*v + p = 283*v - 62485, -49988 = -4*v - 3*p. What is the units digit of v?
7
What is the units digit of 2/(-15) + (-12396369)/(-1305)?
9
Suppose 7*d - 10*d + 12 = 0. Suppose 0 = -3*s - 5*u + 1187, -d*u = 2*s + u - 783. What is the hundreds digit of s?
4
Suppose 0 = -d + 5*q - 5053 + 62823, -57842 = -d - 3*q. What is the tens digit of d?
1
Let i be (-2)/(-6)*(4 + 26 + -3). Let k(l) = -l**3 + 10*l**2 - 12*l - 12. Let g be k(i). Let q = 62 + g. What is the units digit of q?
3
Suppose -364*a + 178*a + 123948 = -177*a. What is the ten thousands digit of a?
1
Let q = -121 + 129. Let j be (-36)/q*(-4)/9. Suppose -4*b + 3*w + 206 = 0, -j*b - 60 = -3*b + 5*w. What is the tens digit of b?
5
Let g be 3/(-9)*3*(-2 - 1). Suppose -q - g*q = -2300. What is the hundreds digit of q?
5
Suppose -4*f + 1573 + 4522 = -8453. What is the tens digit of f?
3
Let c = 218 + -224. What is the hundreds digit of 164 - ((-200)/(-60))/((-4)/c)?
1
Let v(c) = -c**2 + 20*c - 24. Let x(w) = -3*w**2 - 38*w + 13. Let u be x(-9). Let l be 20/(-110) - u/(-11). What is the tens digit of v(l)?
7
Let k(o) = 7345*o**2 + 122*o + 121. What is the units digit of k(-1)?
4
Let o = 4179 + 223. What is the tens digit of o?
0
Let j = 74 - 74. Let x(l) = -2*l + 128 - l**3 + 848*l**2 - 848*l**2. What is the hundreds digit of x(j)?
1
Let y(i) = -i**3 - 4*i**2 + 15*i. Let n(f) = 3*f - 28. Let g be n(10). Suppose 3*j = 5*x + 41, 5*x + 33 = -3*j + g*j. What is the units digit of y(x)?
2
Suppose -24*a = -23*a - 6. Let v(u) = 3*u**3 - 17*u**2 + 4*u + 6. What is the tens digit of v(a)?
6
Suppose 4*y - 3*a + 19 = 0, -2*a = -4*y - 5*a - 13. What is the tens digit of ((-70)/25)/(1*y/500)?
5
Let j = 622 - -224. Let f = -231 + j. What is the hundreds digit of f?
6
Suppose 12*f - 30*f + 68508 = 0. What is the units digit of f?
6
Let r(n) = n**2 - 17*n + 6. Suppose 326 = 3*u - 4*l, -l - 25 = 4*l. Suppose 9*i + 2*z + u = 13*i, 25 = -5*z. What is the tens digit of r(i)?
4
Let r be -68*(-3 + 77/28). Suppose 5*n - 1498 = 20*d - r*d, 2*n - d - 600 = 0. What is the tens digit of n?
0
Suppose 0 = 4*h + b - 69234, -5*h - 4*b = -h - 69216. What is the hundreds digit of h?
3
Let n be (8 + 1)*(-48)/48. What is the hundreds digit of 0 + n/(63/(-1519))?
2
Let a(f)